its digit of o?
6
Let d be (1 - 4) + 3 + 36. Suppose 0 = -2*j + 3*j - d. Let s = -18 + j. What is the units digit of s?
8
Suppose -18*c = -12*c - 798. What is the hundreds digit of c?
1
Suppose -16 = -8*f + 6*f. What is the units digit of f?
8
What is the tens digit of 294/15 - 3/5?
1
Suppose -3*f + 6*f = 39. What is the tens digit of f?
1
Let b = 1 - -2. Suppose 0*z + b*z + 11 = 4*c, 2*z + 3*c = 4. What is the units digit of (6/(-10))/(z/15)?
9
Suppose -66 = -o - 3*a - 7, -2*o + a + 111 = 0. What is the units digit of o?
6
Let j(i) = -i. Let x be j(-2). Suppose -x*l + 15 = l. Suppose -l*w + 4*w + 12 = 0. What is the units digit of w?
2
Suppose -4*h = 430 - 50. Let s = -64 - h. What is the units digit of s?
1
Let v(h) = h**3 + h**2 - h + 4. Let m be v(0). Suppose -5*n = 20, -m*k + 2*k + 4*n = -28. What is the units digit of k?
6
Suppose -2*h = 5*u - 106, 0*u + 2*u = -2*h + 100. Let l = h - 24. What is the units digit of l?
4
Let y = -12 + 9. What is the units digit of (y - -3) + 2 + -1?
1
Let o(j) = -j + 4. Let m be o(0). Suppose m*q - 14 = -5*h, -2*h + 3*h + 4*q - 6 = 0. Suppose -5*s + 10 = -2*k, -1 - 1 = h*k - 3*s. What is the units digit of k?
5
Suppose f + 15 = 1. Let t = f + 24. What is the tens digit of t?
1
Let a be 2/(-1) - (-1)/(-1). Let d be 6*(6/(-4))/a. Suppose -4*x + 4*v + 24 = 0, v + 4*v + 26 = d*x. What is the units digit of x?
2
Let c(f) = f**3 - 8*f**2 + 7*f + 2. Let w be c(7). What is the units digit of (w/(-6))/((-7)/84)?
4
Let q = -6 + 6. Suppose -3*w + 3 + 21 = q. What is the units digit of w?
8
Let h(w) = -w**3 - 2*w**2 - 3*w + 1. Let f be h(-3). Suppose 2*l + 2*j - 7*j = 43, l - 2*j - f = 0. What is the units digit of l?
9
Suppose 0 = -5*h - 2*d + 583 + 971, -4*d - 1572 = -5*h. What is the units digit of h?
2
Let f = 6 - 4. Suppose 0 = -5*p - 3*i + 63, 5*p - f*i - 58 = -0*p. What is the units digit of p?
2
Suppose -35*y - 145 = -36*y. What is the hundreds digit of y?
1
Let w(x) = -7*x + 3. Let t(n) = -n + 1. Let u(f) = 4*t(f) - w(f). Suppose -4*h - 5*b + 14 = -3*h, 0 = -4*h - 4*b + 24. What is the tens digit of u(h)?
1
Let c(p) = -p - 2 + 17 + 2*p + 2*p. What is the units digit of c(5)?
0
Suppose 21*m - 16 = 19*m. Let y be (-2 + 0)*(-5)/2. Let g = m - y. What is the units digit of g?
3
Let x(j) = -3*j. Let m = 25 - 18. Let s(g) = -g + 1. Let n be s(m). What is the units digit of x(n)?
8
Let g(a) = 2*a**3 + 3*a**2 - 2*a + 4. Let n be g(-3). Suppose -5*b + 205 - 26 = -3*z, 4*z = -5*b + 158. Let h = b + n. What is the units digit of h?
7
Let d(w) = 12*w**2 - 4*w + 2. Let s be d(3). Let r = -54 + s. What is the tens digit of r?
4
Let v = -10 - -10. Suppose -3*u - 3 = v, -3*a = -7*a + 2*u + 58. What is the tens digit of a?
1
Let h(b) = -2*b + 6. Let j be h(4). What is the units digit of 0 + -3 + 12 + j?
7
Let v(y) = y**2 + 4*y - 2. Let x be v(-5). Suppose x*a - 6 = a. What is the tens digit of 2/((-25)/(-8) - a)?
1
What is the units digit of 2/(-1) + 10 + -2?
6
Let o(r) = -r - 7. Let x be o(-7). Suppose 5*d + 4 = -1, -4*d = -5*p + 4. Suppose x = u - 4, 2*l + 2*u - 12 = -p*u. What is the units digit of l?
2
Let z(u) be the first derivative of -u**2/2 + 5*u - 5. Let f be z(5). Suppose 2*k = -f*k + 20. What is the units digit of k?
0
Let a be 8/6*(-6 - 0). What is the units digit of (-18)/(-4) + a/(-16)?
5
Let x = 11 + -6. Suppose 3*v - 1 = x. What is the units digit of -6*(-2 + 3 - v)?
6
Suppose 3*l + 0*c = c + 9, 0 = 5*c. Suppose 7 = 3*p + 4, -5*p = l*i - 14. Suppose -24 = -i*y - y. What is the units digit of y?
6
Let i be 6 - 1/2*2. Suppose -2*j + 1 = -3. Suppose -v - 24 = -i*o, -4*o = -j*o + v - 11. What is the units digit of o?
5
Let r = 3 - 1. Suppose b = 3 - r. What is the units digit of b?
1
Let d = -16 - -10. What is the tens digit of (-4)/d*(-78)/(-4)?
1
Suppose 91 = a - 2*l, -5*a + a + 416 = 5*l. What is the units digit of a?
9
Let h(p) = p + 11. Suppose -2*z + 0*z = 0. What is the tens digit of h(z)?
1
Suppose -2*d = 3*d + k - 1629, 0 = 5*k - 20. What is the units digit of (-2)/8 - d/(-20)?
6
Let s(a) = 172*a**3 - 2*a**2 + a. What is the units digit of s(1)?
1
Let k(r) = -2*r**3 - 3*r**2 + 2*r - 3. Let s = -2 - 1. Let t be k(s). Suppose 0 = 2*p - 3*p + t. What is the units digit of p?
8
Let j(u) = 0*u - u + 1 - 7*u + 10*u + 11*u**2. What is the units digit of j(-1)?
0
What is the units digit of ((-36)/20)/(9/(-1605))?
1
Let k = -3 + 8. Suppose 3*z + 20 = 4*y - z, 5*y = -k*z + 45. What is the units digit of y?
7
Suppose 2*a - 11 = -x - 1, -2 = -2*x + 2*a. Suppose 3*n = 2*s + 22, -1 = -n - x*s + 11. What is the units digit of n?
8
Let g = -6 - -8. Suppose q + 0 = i - 3, 0 = -g*q - 8. What is the units digit of (1/2)/(i/(-12))?
6
Let b = 16 + -23. What is the units digit of (-2)/b + 89/7?
3
Suppose -69 = -4*z - 25. Let w(y) = y. Let v be w(-7). Let s = v + z. What is the units digit of s?
4
Let y(w) = w + 9. Let r be y(-9). Suppose j - 5*q = r, -q = 4*j + q. Suppose 6*s - s - 5 = j. What is the units digit of s?
1
Suppose 2*w + 2*t - 492 = 0, 5*w - 1100 = t + 124. What is the hundreds digit of w?
2
Let x = 5 - -9. Let m = 8 + -6. Suppose m*l = -6 + x. What is the units digit of l?
4
Suppose 5*t = -2*f + 4, -4*f = -5*f - 4*t + 5. Suppose 81 = -7*r - 2*r. Let u = f - r. What is the units digit of u?
6
Let k be ((-126)/(-15))/(4/10). Let d = k + -3. What is the units digit of d?
8
Let o(n) = -n**3 + 5*n**2 + 5*n - 6. What is the units digit of o(4)?
0
Let o be ((-30)/(-8) + -3)*4. Suppose -22 = -2*u + o*y, y + y - 12 = -2*u. What is the units digit of u?
8
Suppose 4*c + 0*c - 2*g = 4, g - 19 = -5*c. Suppose -5*v - 53 = -c*x, 0*x + x + 5*v - 31 = 0. What is the tens digit of x?
2
Let b = -8 - -2. Let v(k) = -k**3 - 5*k**2 + 4*k - 6. What is the units digit of v(b)?
6
Let b(c) = 2*c - 3. Let u be b(4). What is the tens digit of 52/u - 4/10?
1
Suppose f + 4*f - 35 = 0. Suppose 2*g + k = -g - f, -2*g - 5*k = -4. Let i = 1 - g. What is the units digit of i?
4
Let b be (-2 + 0)*-4 + 1. Suppose 2*j = 1 + b, 5*j - 13 = 4*x. Suppose -m - x*c + 0*c = -19, 18 = 2*m + 2*c. What is the units digit of m?
4
Suppose 4*d - 8 = 4*r + 4, 0 = -5*r - 3*d + 25. What is the units digit of ((-424)/(-12))/(r/3)?
3
Let r(c) = -c**2 + c + 4. Suppose -3*w - 2*y = y + 6, 0 = -3*w - 4*y - 11. Let d = w + -3. What is the units digit of r(d)?
4
Suppose w + 2*w - 12 = 0. Suppose 3*k + 13 = 5*o, 0 = w*k - o - 0*o - 11. What is the units digit of k?
4
Let l(p) = -35*p - 4. What is the tens digit of l(-5)?
7
Suppose -p + 0 = -1. Suppose 0 = -3*a - 7 + p. What is the units digit of 2*a/(-4)*1?
1
Let b = 113 - 43. What is the tens digit of b?
7
Suppose r = -5*j - 20, j - 3 = -3*r + 7. Suppose -2*o + 64 = 5*b, 2*o = -r*b - o + 66. Suppose -x + b = 2*x. What is the units digit of x?
4
Let a = -19 + 23. What is the units digit of a?
4
Let j(n) = n**2 - 4*n - 3. What is the units digit of j(5)?
2
Let n(h) = 11*h - 31. What is the tens digit of n(9)?
6
Suppose -7*m - 6 = 1. Let u(v) = -v**2 + v + 5. Let y be u(4). Let n = m - y. What is the units digit of n?
6
Suppose 5*v + 2*c - 180 = 4*c, 2*v = -2*c + 86. What is the units digit of v?
8
Suppose 0 = 3*u + 2*s + 8, -2*u + 4*u + 18 = 5*s. What is the units digit of (2*-2)/(2/u)?
8
Suppose 110 = 2*i + 40. What is the units digit of i?
5
Suppose -5*z = 0, 4*v - 3*z + 614 = 1538. Suppose -54 = -5*n + v. What is the tens digit of n?
5
Let s be 8*(-1 + 1 + -1). Let h(t) = -t + 1. Let w be h(-11). Let c = s + w. What is the units digit of c?
4
Let s be -6*(1 + -2)*-1. Let y be s/15 + (-17)/(-5). Suppose 0 = -y*d - d + 20. What is the units digit of d?
5
Let x be 1/2 - 45/10. What is the tens digit of x/((-2)/14 + 0)?
2
Suppose -4*q + 9*q = -215. Let j = q + 72. What is the tens digit of j?
2
Let p(k) = k + 2. Let c be p(3). Suppose 10 + c = -5*w. What is the units digit of 4/16 - w/4?
1
Let c = 4 + -1. Suppose -2*b + 4*h = -c*b - 8, 4*b - 4*h - 28 = 0. What is the units digit of b/10*15/3?
2
What is the tens digit of 5*(2/(-10))/((-1)/265)?
6
Suppose -5 = -y, 0 = -9*k + 4*k - y + 55. Let r be ((-2)/(-5))/(2/k). Let j = 5 + r. What is the units digit of j?
7
Let c(b) = -b + 8. Suppose v = 1, -y - 5*v = -v - 4. Let d be c(y). Suppose 3*r + 55 = d*r. What is the tens digit of r?
1
Let i(k) be the third derivative of -k*